{"id":17,"date":"2015-01-09T12:25:28","date_gmt":"2015-01-09T12:25:28","guid":{"rendered":"http:\/\/fundicionnavarro.com.ar\/fundiciondeacero\/?page_id=17"},"modified":"2015-01-13T13:09:16","modified_gmt":"2015-01-13T13:09:16","slug":"politica-de-calidad","status":"publish","type":"page","link":"http:\/\/fundicionnavarro.com.ar\/fundiciondeacero\/fundicion-navarro-2\/politica-de-calidad\/","title":{"rendered":"Pol\u00edtica de Calidad"},"content":{"rendered":"<p>Pilar fundamental de Fundici\u00f3n El\u00e9ctrica Navarro S.A.es la calidad de las piezas elaboradas.<br \/>\nEl seguimiento, registro de las operaciones realizadas y procedimiento utilizados, nos permiten repetividad y<br \/>\nmantenimiento de la calidad.<\/p>\n<p>El control de arenas, densidad de pinturas, uso de materiales de primera calidad, adquiridos a proveedores<br \/>\ncertificados, nos permiten garantizar las piezas producidas.<br \/>\nHaciendo honor a nuestro estilo de mejora contante, adquirimos y pusimos en funcionamiento un equipo de an\u00e1lisis<br \/>\nespectrometrico de ultima generaci\u00f3n con determinaci\u00f3n de 25 elementos y nitr\u00f3geno marca SPECTROMAX X.<br \/>\nEl equipo incorporado nos permite realizar an\u00e1lisis qu\u00edmico de proceso, pudiendo corregir la composici\u00f3n qu\u00edmica,<br \/>\npara obtener un producto final garantizado.<\/p>\n<p>Ensayos qu\u00edmicos complementarios, de dureza, tintas penetrantes y metalograficos dan mayor seguridad a nuestros<br \/>\nclientes.<br \/>\nLa honestidad como base de nuestra estrategia comercial, el estricto cumplimiento de normas nacionales e<br \/>\ninternacionales y plazos de entrega, complementan nuestro esfuerzo para lograr La satisfacci\u00f3n total del cliente<br \/>\nque es nuestro fundamental objetivo.<\/p>\n<p>La relaci\u00f3n con nuestros clientes, favorecedores y amigos, se extiende, en casos a masde 30 a\u00f1os.<br \/>\nCreemos que tal permanencia es fruto de nuestra experiencia, dedicaci\u00f3n y atenci\u00f3n.<br \/>\nCon las ampliaciones y mejoras realizadas estamos en condiciones de continuar y superar nuestro camino.<\/p>\n","protected":false},"excerpt":{"rendered":"<p>Pilar fundamental de Fundici\u00f3n El\u00e9ctrica Navarro S.A.es la calidad de las piezas elaboradas. El seguimiento, registro de las operaciones realizadas y procedimiento utilizados, nos permiten repetividad y mantenimiento de la calidad. El control de arenas, densidad de pinturas, uso de materiales de primera calidad, adquiridos a proveedores certificados, nos permiten garantizar las piezas producidas. Haciendo &hellip; <\/p>\n","protected":false},"author":1,"featured_media":0,"parent":2,"menu_order":0,"comment_status":"open","ping_status":"open","template":"","meta":[],"aioseo_notices":[],"_links":{"self":[{"href":"http:\/\/fundicionnavarro.com.ar\/fundiciondeacero\/wp-json\/wp\/v2\/pages\/17"}],"collection":[{"href":"http:\/\/fundicionnavarro.com.ar\/fundiciondeacero\/wp-json\/wp\/v2\/pages"}],"about":[{"href":"http:\/\/fundicionnavarro.com.ar\/fundiciondeacero\/wp-json\/wp\/v2\/types\/page"}],"author":[{"embeddable":true,"href":"http:\/\/fundicionnavarro.com.ar\/fundiciondeacero\/wp-json\/wp\/v2\/users\/1"}],"replies":[{"embeddable":true,"href":"http:\/\/fundicionnavarro.com.ar\/fundiciondeacero\/wp-json\/wp\/v2\/comments?post=17"}],"version-history":[{"count":2,"href":"http:\/\/fundicionnavarro.com.ar\/fundiciondeacero\/wp-json\/wp\/v2\/pages\/17\/revisions"}],"predecessor-version":[{"id":83,"href":"http:\/\/fundicionnavarro.com.ar\/fundiciondeacero\/wp-json\/wp\/v2\/pages\/17\/revisions\/83"}],"up":[{"embeddable":true,"href":"http:\/\/fundicionnavarro.com.ar\/fundiciondeacero\/wp-json\/wp\/v2\/pages\/2"}],"wp:attachment":[{"href":"http:\/\/fundicionnavarro.com.ar\/fundiciondeacero\/wp-json\/wp\/v2\/media?parent=17"}],"curies":[{"name":"wp","href":"https:\/\/api.w.org\/{rel}","templated":true}]}}